{"id":22,"date":"2018-06-17T22:20:07","date_gmt":"2018-06-17T19:20:07","guid":{"rendered":"http:\/\/www.valkeakoskenkalaveikot.com\/2\/?page_id=22"},"modified":"2026-04-22T14:56:38","modified_gmt":"2026-04-22T11:56:38","slug":"valkeakosken-kalaveikot","status":"publish","type":"page","link":"https:\/\/www.valkeakoskenkalaveikot.com\/2\/","title":{"rendered":"Valkeakosken Kalaveikot ry"},"content":{"rendered":"<div class=\"item-page\">\n<p>Valkeakosken Kalaveikot ry on 14.2.1952 perustettu kalastusseura, joka tarjoaa harrastustoimintaa kaikenik\u00e4isille kalastuksesta kiinnostuneille ihmisille. Olemme my\u00f6s Facebookissa ja Instagramissa.\u00a0<\/p>\n<p>Seuran toiminta on jakautunut<\/p>\n<p><strong>&#8211; perhojaostoon<\/strong><br \/><strong>&#8211; uistelujaostoon sek\u00e4 <\/strong><br \/><strong>&#8211; onki- ja pilkkijaostoon<\/strong><\/p>\n<p>Lis\u00e4ksi seurassa on nimetyt nuorisovastaavat j\u00e4rjest\u00e4m\u00e4ss\u00e4 harrastusmahdollisuuksia lapsille ja nuorille.<\/p>\n<p><img loading=\"lazy\" decoding=\"async\" class=\"alignnone wp-image-1431 size-full\" src=\"https:\/\/www.valkeakoskenkalaveikot.com\/2\/wp-content\/uploads\/2020\/11\/vuoden2020kalastusseura.jpg\" alt=\"Vuoden 2020 kalastusseura\" width=\"180\" height=\"30\" \/><\/p>\n<p>Kalaveikkojen keskustelut, <a href=\"https:\/\/www.valkeakoskenkalaveikot.com\/2\/kalaveikkojen-whatsapp-keskustelut\/\">katso lis\u00e4\u00e4&#8230;<\/a><\/p>\n<p><strong>Tulevat tapahtumat\/kilpailut<\/strong><\/p>\n<p>Horiskot onkii, <a href=\"https:\/\/www.valkeakoskenkalaveikot.com\/2\/horiskojen-kilpailut\/\">katso lis\u00e4\u00e4&#8230;<\/a><\/p>\n<p>-ma 18.5. Kalaveikkojen kev\u00e4tkokous Kalapirtill\u00e4 (Valtakatu 12) klo 18.00.<br \/>Hallitus kokoontuu klo 16.30.<br \/>Kev\u00e4tkokouksen j\u00e4lkeen talvikauden palkintojen jako. Kahvitarjoilu.<br \/>Tervetuloa!<\/p>\n<p><strong style=\"font-size: 1rem;\">Talvikaudella<\/strong><span style=\"font-size: 1rem;\"> perhokerho kokoontuu keskiviikkoisin ja koukkukerho (junnukerho) torstaisin Kalapirtill\u00e4. Ajankohtaisimman tiedon kerhoista saat kun liityt whatsapp keskusteluihimme, linkki yll\u00e4.<\/span><\/p>\n<\/div>\n<div class=\"item-page\">\n<p>&#8211; muutokset mahdollisia &#8211;<\/p>\n<\/div>\n\n\n<p><\/p>\n","protected":false},"excerpt":{"rendered":"<p>Valkeakosken Kalaveikot ry on 14.2.1952 perustettu kalastusseura, joka tarjoaa harrastustoimintaa kaikenik\u00e4isille kalastuksesta kiinnostuneille ihmisille. Olemme my\u00f6s Facebookissa ja Instagramissa.\u00a0 Seuran toiminta on jakautunut &#8211; perhojaostoon&#8211; uistelujaostoon sek\u00e4 &#8211; onki- ja&#8230; <a href=\"https:\/\/www.valkeakoskenkalaveikot.com\/2\/\">Read more &raquo;<\/a><\/p>\n","protected":false},"author":1,"featured_media":0,"parent":0,"menu_order":0,"comment_status":"closed","ping_status":"closed","template":"","meta":{"footnotes":""},"class_list":["post-22","page","type-page","status-publish","hentry"],"_links":{"self":[{"href":"https:\/\/www.valkeakoskenkalaveikot.com\/2\/wp-json\/wp\/v2\/pages\/22","targetHints":{"allow":["GET"]}}],"collection":[{"href":"https:\/\/www.valkeakoskenkalaveikot.com\/2\/wp-json\/wp\/v2\/pages"}],"about":[{"href":"https:\/\/www.valkeakoskenkalaveikot.com\/2\/wp-json\/wp\/v2\/types\/page"}],"author":[{"embeddable":true,"href":"https:\/\/www.valkeakoskenkalaveikot.com\/2\/wp-json\/wp\/v2\/users\/1"}],"replies":[{"embeddable":true,"href":"https:\/\/www.valkeakoskenkalaveikot.com\/2\/wp-json\/wp\/v2\/comments?post=22"}],"version-history":[{"count":723,"href":"https:\/\/www.valkeakoskenkalaveikot.com\/2\/wp-json\/wp\/v2\/pages\/22\/revisions"}],"predecessor-version":[{"id":4827,"href":"https:\/\/www.valkeakoskenkalaveikot.com\/2\/wp-json\/wp\/v2\/pages\/22\/revisions\/4827"}],"wp:attachment":[{"href":"https:\/\/www.valkeakoskenkalaveikot.com\/2\/wp-json\/wp\/v2\/media?parent=22"}],"curies":[{"name":"wp","href":"https:\/\/api.w.org\/{rel}","templated":true}]}}