{"id":88,"date":"2017-10-22T09:14:16","date_gmt":"2017-10-22T09:14:16","guid":{"rendered":"http:\/\/www.valkeakoskenkalaveikot.com\/2\/?page_id=88"},"modified":"2026-01-19T20:09:54","modified_gmt":"2026-01-19T18:09:54","slug":"yhteystiedot","status":"publish","type":"page","link":"https:\/\/www.valkeakoskenkalaveikot.com\/2\/yhteystiedot\/","title":{"rendered":"Yhteystiedot"},"content":{"rendered":"<p><strong><span class=\"otsikko\">Valkeakosken Kalaveikot ry<\/span><\/strong><\/p>\n<table style=\"height: 440px;\" border=\"0\" width=\"714\">\n<tbody>\n<tr>\n<td valign=\"top\" width=\"175\" height=\"78\"><strong>Seuran pj<\/strong><br \/>\nTero Kariluoma<br \/>\n040 588 1559<\/td>\n<td valign=\"top\" width=\"175\"><strong>Perhojaosto<\/strong><br \/>\nHeikki Anttonen<br \/>\n0400 857 788<\/td>\n<td valign=\"top\" width=\"175\"><strong>Onki- ja pilkkijaosto<\/strong><br \/>\nErkki Karvonen<br \/>\n040 735 7379<\/td>\n<\/tr>\n<tr>\n<td valign=\"top\" height=\"78\"><strong>Rahastonhoitaja<\/strong><br \/>\nTerhi Niittymaa<br \/>\n040 734 4511<\/td>\n<td valign=\"top\"><strong>Nuorisojaosto<\/strong><br \/>\nHenri Lindstr\u00f6m<br \/>\n040 586 3542<\/td>\n<td valign=\"top\"><strong>Uistelujaosto<\/strong><br \/>\nJuha Mutanen<br \/>\n040 508 6745<\/td>\n<\/tr>\n<tr>\n<td valign=\"top\" height=\"78\"><strong>Kalaveikkojen kalastuksenvalvoja<\/strong><br \/>\nAri Helenius<br \/>\n040 588 1458<\/td>\n<td valign=\"top\"><strong>Venevastaava<\/strong><br \/>\nVeijo Takaniemi<br \/>\n040 588 4837<\/td>\n<td valign=\"top\"><strong>J\u00e4senasiat<\/strong><br \/>\nTero Kariluoma<br \/>\n040 588 1559<br \/>\n<a href=\"mailto:jasen.vkv@gmail.com\">s\u00f6hk\u00f6posti<\/a><\/td>\n<\/tr>\n<tr>\n<td colspan=\"2\" height=\"78\"><strong>Hallituksen j\u00e4senet<\/strong><br \/>\nJuha Mutanen, varalla Jani Jokinen<br \/>\nAri Helenius, varalla Matti Vuorinen<br \/>\nHenri Lindstr\u00f6m, varalla Kasperi P\u00f6yt\u00e4kivi<br \/>\nVeijo Takaniemi, varalla Kenneth Flinck<\/td>\n<td><\/td>\n<\/tr>\n<\/tbody>\n<\/table>\n<p><strong>Postitusosoite:<\/strong><br \/>\n<strong>Sihteeri<\/strong> Simo Suihko<br \/>\nSointulantie 3 C 25<br \/>\n37600 VALKEAKOSKI<\/p>\n<p>Y-Tunnus: <span id=\"_ctl0_ContentPlaceHolder_lblytunnus\">1105000-3 \u00a0 \u00a0 \u00a0 \u00a0 \u00a0 \u00a0 \u00a0 \u00a0 \u00a0<a href=\"mailto:valkeakoskenkalaveikot@gmail.com\">Voit my\u00f6s l\u00e4hett\u00e4\u00e4 s\u00e4hk\u00f6postia meille, klikkaa t\u00e4st\u00e4<\/a>.<\/span><\/p>\n","protected":false},"excerpt":{"rendered":"<p>Valkeakosken Kalaveikot ry Seuran pj Tero Kariluoma 040 588 1559 Perhojaosto Heikki Anttonen 0400 857 788 Onki- ja pilkkijaosto Erkki Karvonen 040 735 7379 Rahastonhoitaja Terhi Niittymaa 040 734 4511&#8230; <a href=\"https:\/\/www.valkeakoskenkalaveikot.com\/2\/yhteystiedot\/\">Read more &raquo;<\/a><\/p>\n","protected":false},"author":2,"featured_media":0,"parent":0,"menu_order":0,"comment_status":"closed","ping_status":"closed","template":"","meta":{"footnotes":""},"class_list":["post-88","page","type-page","status-publish","hentry"],"_links":{"self":[{"href":"https:\/\/www.valkeakoskenkalaveikot.com\/2\/wp-json\/wp\/v2\/pages\/88","targetHints":{"allow":["GET"]}}],"collection":[{"href":"https:\/\/www.valkeakoskenkalaveikot.com\/2\/wp-json\/wp\/v2\/pages"}],"about":[{"href":"https:\/\/www.valkeakoskenkalaveikot.com\/2\/wp-json\/wp\/v2\/types\/page"}],"author":[{"embeddable":true,"href":"https:\/\/www.valkeakoskenkalaveikot.com\/2\/wp-json\/wp\/v2\/users\/2"}],"replies":[{"embeddable":true,"href":"https:\/\/www.valkeakoskenkalaveikot.com\/2\/wp-json\/wp\/v2\/comments?post=88"}],"version-history":[{"count":18,"href":"https:\/\/www.valkeakoskenkalaveikot.com\/2\/wp-json\/wp\/v2\/pages\/88\/revisions"}],"predecessor-version":[{"id":4454,"href":"https:\/\/www.valkeakoskenkalaveikot.com\/2\/wp-json\/wp\/v2\/pages\/88\/revisions\/4454"}],"wp:attachment":[{"href":"https:\/\/www.valkeakoskenkalaveikot.com\/2\/wp-json\/wp\/v2\/media?parent=88"}],"curies":[{"name":"wp","href":"https:\/\/api.w.org\/{rel}","templated":true}]}}